{"id":3509,"date":"2021-07-21T10:07:46","date_gmt":"2021-07-21T10:07:46","guid":{"rendered":"https:\/\/www.themetechmount.com\/wordpress\/brivona\/demo3\/?page_id=3509"},"modified":"2025-11-19T12:07:36","modified_gmt":"2025-11-19T10:07:36","slug":"prima-vizita","status":"publish","type":"page","link":"https:\/\/swissecodent.ro\/eng\/prima-vizita\/","title":{"rendered":"First visit"},"content":{"rendered":"<div class=\"wpb-content-wrapper\"><div class=\"tm-row wpb_row vc_row-fluid vc_custom_1749108789357 tm-responsive-custom-56485676 break-991-colum tm-zindex-0 vc_row container tm-bgimage-position-center_center\">\n\n\t\t\n\t <div class=\"vc_row-o-equal-height vc_row-flex\"> \t\n\t\t\n\n<div class=\"wpb_column tm-column vc_column_container vc_col-sm-12 tm-zindex-0\">\n\t<div class=\"vc_column-inner vc_custom_1731268642432 tm-responsive-custom-63525611\">\n\t\t\t\t<div class=\"wpb_wrapper\">\n\t\t\t<div class=\"tm-element-heading-wrapper tm-heading-inner tm-element-align-left tm-seperator-style2 tm-heading-style-vertical\"><section class=\"tm-vc_cta3-container\"><div class=\"tm-vc_general tm-vc_cta3 tm-cta3-only tm-vc_cta3-style-classic tm-vc_cta3-shape-rounded tm-vc_cta3-align-left tm-vc_cta3-color-transparent tm-vc_cta3-icon-size-md tm-vc_cta3-actions-no tm-cta3-with-desc\"><div class=\"tm-vc_cta3_content-container\"><div class=\"tm-vc_cta3-content\"><header class=\"tm-vc_cta3-content-header tm-wrap\"><div class=\"tm-vc_cta3-headers tm-wrap-cell\"><h2 class=\"tm-custom-heading\" >What you need to know about your first visit to Swiss Ecodent dental clinic<\/h2>\n<\/div><div class=\"heading-seperator\"><span><\/span><\/div><\/header><div class=\"tm-cta3-content-wrapper\"><p>The first visit to the dentist is essential for a complete oral health assessment and to establish a personalized treatment plan.<\/p><\/div><\/div><\/div><\/div><\/section><\/div> <!-- .tm-element-heading-wrapper container --> \n<div class=\"tm-row-inner vc_row wpb_row vc_inner vc_row-fluid tm-zindex-0\">\n\t\n<div class=\"wpb_column tm-column-inner vc_column_container vc_col-sm-12 tm-zindex-0\">\n\t<div class=\"vc_column-inner\">\n\t\t \n\t\t<div class=\"wpb_wrapper\">\n\t\t\t\n\t<div  class=\"wpb_single_image wpb_content_element vc_align_left wpb_content_element\">\n\t\t\n\t\t<figure class=\"wpb_wrapper vc_figure\">\n\t\t\t<div class=\"vc_single_image-wrapper   vc_box_border_grey\"><img loading=\"lazy\" decoding=\"async\" width=\"1500\" height=\"1000\" src=\"https:\/\/swissecodent.ro\/wp-content\/uploads\/2024\/11\/Swiss-Ecodent-Pacient-Nou.jpg\" class=\"vc_single_image-img attachment-full\" alt=\"Swiss Ecodent - Pacient Nou\" title=\"Swiss Ecodent - New Patient\" srcset=\"https:\/\/swissecodent.ro\/wp-content\/uploads\/2024\/11\/Swiss-Ecodent-Pacient-Nou.jpg 1500w, https:\/\/swissecodent.ro\/wp-content\/uploads\/2024\/11\/Swiss-Ecodent-Pacient-Nou-300x200.jpg 300w, https:\/\/swissecodent.ro\/wp-content\/uploads\/2024\/11\/Swiss-Ecodent-Pacient-Nou-1024x683.jpg 1024w, https:\/\/swissecodent.ro\/wp-content\/uploads\/2024\/11\/Swiss-Ecodent-Pacient-Nou-768x512.jpg 768w, https:\/\/swissecodent.ro\/wp-content\/uploads\/2024\/11\/Swiss-Ecodent-Pacient-Nou-1200x800.jpg 1200w\" sizes=\"auto, (max-width: 1500px) 100vw, 1500px\" data-id=\"4299\" \/><\/div>\n\t\t<\/figure>\n\t<\/div>\n<h2 style=\"text-align:left;font-size:26px;line-height:46px;color:#223645;\" class=\"tm-custom-heading vc_custom_1729364884887\" >Initial consultation:<\/h2>\n<ul class=\"tm-list tm-list-style-icon tm-list-icon-color-skincolor tm- tm-icon-skincolor tm-list-textsize- tm-list-icon-library-fontawesome\"><li><i class=\"tm-skincolor fa fa-arrow-circle-right\"><\/i>  <span class=\"tm-list-li-content\"><span style=\"color: #E12454;\">One-hour appointment <\/span> to ensure you receive the attention you need.\nAt the reception, you will fill out a detailed health questionnaire to provide the doctor with the necessary information.\n<\/span><\/li><li><i class=\"tm-skincolor fa fa-arrow-circle-right\"><\/i>  <span class=\"tm-list-li-content\">An intraoral camera examination, if deemed necessary by the doctor, provides a detailed visualization of the teeth and gums, as well as an evaluation of the soft tissues, including a thorough check for \n<span style=\"color: #E12454;\">early signs of oral cancer.<\/span><\/span><\/li><li><i class=\"tm-skincolor fa fa-arrow-circle-right\"><\/i>  <span class=\"tm-list-li-content\"><span style=\"color: #E12454;\">Extensive consultation <\/span>for a full oral health assessment, including checking your teeth and gums.\n<\/span><\/li><li><i class=\"tm-skincolor fa fa-arrow-circle-right\"><\/i>  <span class=\"tm-list-li-content\">If necessary, the doctor carrying out the clinical check-up may request a <span style=\"color: #E12454;\">Digital X-ray (taken in the clinic) <\/span>, to clarify the periodontal status and bone structure (including the supporting bone of the teeth).<\/span><\/li><li><i class=\"tm-skincolor fa fa-arrow-circle-right\"><\/i>  <span class=\"tm-list-li-content\">Detailed discussion of the doctor's observations following the consultation.\nPersonalized recommendations for proper oral hygiene and maintaining healthy teeth.\n<\/span><\/li><li><i class=\"tm-skincolor fa fa-arrow-circle-right\"><\/i>  <span class=\"tm-list-li-content\">On request, an individual treatment plan will be drawn up and your doctor will present you with the best treatment options for your needs.\n<\/span><\/li><\/ul>\n\t\t<div class=\"tm-vc_btn3-container tm-vc_btn3-center\"><a class=\"tm-vc_general tm-vc_btn3 tm-vc_btn3-size-md tm-vc_btn3-shape-round tm-vc_btn3-style-flat tm-vc_btn3-weight-no tm-vc_btn3-color-skincolor\" href=\"https:\/\/api.leadconnectorhq.com\/widget\/booking\/eYUOXKmV8KTuVEdwGKqn\" title=\"\">Schedule online now<\/a><\/div>\t\t<\/div>\n\t<\/div>\n<\/div>\n\n<\/div>\n\n\t\t<\/div>\n\t<\/div>\n<\/div>\n\n\n\n\t\t\n\t <\/div> <\/div>\n\n\n\n\n\n\n\n\n\n\n\n<div class=\"tm-row wpb_row vc_row-fluid vc_custom_1749108706381 tm-responsive-custom-56485676 break-991-colum tm-zindex-0 vc_row container tm-bgimage-position-center_center\">\n\n\t\t\n\t <div class=\"vc_row-o-equal-height vc_row-flex\"> \t\n\t\t\n\n<div class=\"wpb_column tm-column vc_column_container vc_col-sm-12 vc_hidden-lg vc_hidden-md vc_hidden-sm vc_hidden-xs tm-zindex-0\">\n\t<div class=\"vc_column-inner vc_custom_1752678388617 tm-responsive-custom-63525611\">\n\t\t\t\t<div class=\"wpb_wrapper\">\n\t\t\t<div class=\"tm-element-heading-wrapper tm-heading-inner tm-element-align-left tm-seperator-style2 tm-heading-style-vertical\"><section class=\"tm-vc_cta3-container\"><div class=\"tm-vc_general tm-vc_cta3 tm-cta3-only tm-vc_cta3-style-classic tm-vc_cta3-shape-rounded tm-vc_cta3-align-left tm-vc_cta3-color-transparent tm-vc_cta3-icon-size-md tm-vc_cta3-actions-no tm-cta3-with-desc\"><div class=\"tm-vc_cta3_content-container\"><div class=\"tm-vc_cta3-content\"><header class=\"tm-vc_cta3-content-header tm-wrap\"><div class=\"tm-vc_cta3-headers tm-wrap-cell\"><h2 class=\"tm-custom-heading\" >Dental consultation for new patients at Swiss Ecodent<\/h2>\n<\/div><div class=\"heading-seperator\"><span><\/span><\/div><\/header><div class=\"tm-cta3-content-wrapper\"><p>Maintaining a <b>beautiful and healthy smile<\/b> starts with a <b>regular dental check-ups<\/b>, even if you feel no discomfort or obvious problems. Routine check-ups are essential to prevent dental problems before they become serious. <b>Prevention<\/b> is always simpler and more effective than treatment!<\/p>\n<p>On your first visit to our clinic, we reserve an hour for a detailed consultation.<\/p><\/div><\/div><\/div><\/div><\/section><\/div> <!-- .tm-element-heading-wrapper container --> <div class=\"vc_separator wpb_content_element vc_separator_align_center vc_sep_width_100 vc_sep_pos_align_center vc_separator_no_text vc_custom_1626849213888 wpb_content_element  vc_custom_1626849213888 wpb_content_element\" ><span class=\"vc_sep_holder vc_sep_holder_l\"><span style=\"border-color:#e7e7e7;\" class=\"vc_sep_line\"><\/span><\/span><span class=\"vc_sep_holder vc_sep_holder_r\"><span style=\"border-color:#e7e7e7;\" class=\"vc_sep_line\"><\/span><\/span>\n<\/div>\n<div class=\"tm-row-inner vc_row wpb_row vc_inner vc_row-fluid vc_custom_1624363990777 tm-zindex-0\">\n\t\n<div class=\"wpb_column tm-column-inner vc_column_container vc_col-sm-12 tm-zindex-0\">\n\t<div class=\"vc_column-inner\">\n\t\t \n\t\t<div class=\"wpb_wrapper\">\n\t\t\t\n\t<div  class=\"wpb_single_image wpb_content_element vc_align_right wpb_content_element vc_custom_1729369488296\">\n\t\t\n\t\t<figure class=\"wpb_wrapper vc_figure\">\n\t\t\t<div class=\"vc_single_image-wrapper   vc_box_border_grey\"><img loading=\"lazy\" decoding=\"async\" width=\"1706\" height=\"1535\" src=\"https:\/\/swissecodent.ro\/wp-content\/uploads\/2024\/10\/dentist-doing-check-up-patient1-scaled-e1729369462722.jpg\" class=\"vc_single_image-img attachment-full\" alt=\"Medic stomatolog verificare de rutina\" title=\"Dentist routine check-up\" srcset=\"https:\/\/swissecodent.ro\/wp-content\/uploads\/2024\/10\/dentist-doing-check-up-patient1-scaled-e1729369462722.jpg 1706w, https:\/\/swissecodent.ro\/wp-content\/uploads\/2024\/10\/dentist-doing-check-up-patient1-scaled-e1729369462722-300x270.jpg 300w, https:\/\/swissecodent.ro\/wp-content\/uploads\/2024\/10\/dentist-doing-check-up-patient1-scaled-e1729369462722-1024x921.jpg 1024w, https:\/\/swissecodent.ro\/wp-content\/uploads\/2024\/10\/dentist-doing-check-up-patient1-scaled-e1729369462722-768x691.jpg 768w, https:\/\/swissecodent.ro\/wp-content\/uploads\/2024\/10\/dentist-doing-check-up-patient1-scaled-e1729369462722-1536x1382.jpg 1536w\" sizes=\"auto, (max-width: 1706px) 100vw, 1706px\" data-id=\"3919\" \/><\/div>\n\t\t<\/figure>\n\t<\/div>\n<h2 style=\"text-align:left;font-size:26px;line-height:46px;color:#223645;\" class=\"tm-custom-heading vc_custom_1729364892167\" >The consultation includes:<\/h2>\n<ul class=\"tm-list tm-list-style-icon tm-list-icon-color-skincolor tm- tm-icon-skincolor tm-list-textsize- tm-list-icon-library-fontawesome vc_custom_1729366760484\"><li><i class=\"tm-skincolor fa fa-arrow-circle-right\"><\/i>  <span class=\"tm-list-li-content\">A discussion about any discomfort or dental problems you've had recently.\n\n<\/span><\/li><li><i class=\"tm-skincolor fa fa-arrow-circle-right\"><\/i>  <span class=\"tm-list-li-content\">Complete examination of the mouth, teeth, gums, cheeks and tongue for signs of dental disease or even oral cancer. If problems are noted, the doctor will recommend next steps for treatment.\n\n<\/span><\/li><li><i class=\"tm-skincolor fa fa-arrow-circle-right\"><\/i>  <span class=\"tm-list-li-content\">Personalized recommendations to improve your oral health.\n<\/span><\/li><li><i class=\"tm-skincolor fa fa-arrow-circle-right\"><\/i>  <span class=\"tm-list-li-content\">The possibility to request a dental X-ray, which helps to identify hidden problems such as deep cavities or other conditions.\n<\/span><\/li><li><i class=\"tm-skincolor fa fa-arrow-circle-right\"><\/i>  <span class=\"tm-list-li-content\">If a build-up of dental plaque is observed, a professional cleaning may be recommended. Depending on availability, this can even be done the same day.\n<\/span><\/li><\/ul><div class=\"vc_empty_space\"   style=\"height: 20px\"><span class=\"vc_empty_space_inner\"><\/span><\/div>\n\t<div class=\"wpb_text_column wpb_content_element\" >\n\t\t<div class=\"wpb_wrapper\">\n\t\t\t<p>At Swiss Ecodent, we offer reliable dental care for a healthy smile and a better quality of life. <b>We look forward to seeing you!<\/b><\/p>\n\n\t\t<\/div>\n\t<\/div>\n\t\t<\/div>\n\t<\/div>\n<\/div>\n\n<\/div>\n\n\t\t<\/div>\n\t<\/div>\n<\/div>\n\n\n\n\t\t\n\t <\/div> <\/div>\n\n\n\n\n\n\n\n\n\n\n\n<div data-vc-full-width=\"true\" data-vc-full-width-init=\"false\" class=\"tm-row wpb_row vc_row-fluid vc_custom_1750066416798 tm-responsive-custom-64657909 break-991-colum tm-zindex-0 tm-bgcolor-grey tm-bgimage-position-center_center\">\n\n\t\t\n\t <div class=\"vc_row container\"> \t\n\t\t\n\n<div class=\"wpb_column tm-column vc_column_container vc_col-sm-12 tm-overlap-row tm-zindex-0\">\n\t<div class=\"vc_column-inner vc_custom_1626866278076 tm-responsive-custom-59191929\">\n\t\t\t\t<div class=\"wpb_wrapper\">\n\t\t\t\n<div class=\"tm-row-inner vc_row wpb_row vc_inner vc_row-fluid tm-rounded-stylerow vc_custom_1757152069699 tm-responsive-custom-65185867 vc_row-has-fill vc_row-o-equal-height vc_row-flex tm-shadow-row tm-zindex-0\">\n\t\n<div class=\"wpb_column tm-column-inner vc_column_container vc_col-sm-6 vc_hidden-lg vc_hidden-md vc_hidden-sm vc_hidden-xs tm-zindex-0\">\n\t<div class=\"vc_column-inner vc_custom_1757152089822 tm-responsive-custom-66226617\">\n\t\t \n\t\t<div class=\"wpb_wrapper\">\n\t\t\t<h2 style=\"text-align:center;font-size:30px;\" class=\"tm-custom-heading vc_custom_1729369172608\" >Need help? Contact us<\/h2>\n\n<div class=\"wpcf7 no-js\" id=\"wpcf7-f3538-o1\" lang=\"en-US\" dir=\"ltr\" data-wpcf7-id=\"3538\">\n<div class=\"screen-reader-response\"><p role=\"status\" aria-live=\"polite\" aria-atomic=\"true\"><\/p> <ul><\/ul><\/div>\n<form action=\"\/eng\/wp-json\/wp\/v2\/pages\/3509#wpcf7-f3538-o1\" method=\"post\" class=\"wpcf7-form init\" aria-label=\"Formular de contact\" novalidate=\"novalidate\" data-status=\"init\" data-trp-original-action=\"\/eng\/wp-json\/wp\/v2\/pages\/3509#wpcf7-f3538-o1\">\n<div style=\"display: none;\">\n<input type=\"hidden\" name=\"_wpcf7\" value=\"3538\" \/>\n<input type=\"hidden\" name=\"_wpcf7_version\" value=\"6.0.1\" \/>\n<input type=\"hidden\" name=\"_wpcf7_locale\" value=\"en_US\" \/>\n<input type=\"hidden\" name=\"_wpcf7_unit_tag\" value=\"wpcf7-f3538-o1\" \/>\n<input type=\"hidden\" name=\"_wpcf7_container_post\" value=\"0\" \/>\n<input type=\"hidden\" name=\"_wpcf7_posted_data_hash\" value=\"\" \/>\n<\/div>\n<div class=\"tm-common-form tm-getintouch-form\">\n\t<div class=\"row\">\n\t\t<div class=\"col-md-6 tm-contact-text\">\n\t\t\t<p><span class=\"wpcf7-form-control-wrap\" data-name=\"your-name\"><input size=\"40\" maxlength=\"400\" class=\"wpcf7-form-control wpcf7-text wpcf7-validates-as-required\" aria-required=\"true\" aria-invalid=\"false\" placeholder=\"Your name*\" value=\"\" type=\"text\" name=\"your-name\" \/><\/span>\n\t\t\t<\/p>\n\t\t<\/div>\n\t\t<div class=\"col-md-6\">\n\t\t\t<p><span class=\"wpcf7-form-control-wrap\" data-name=\"your-email\"><input size=\"40\" maxlength=\"400\" class=\"wpcf7-form-control wpcf7-email wpcf7-validates-as-required wpcf7-text wpcf7-validates-as-email\" aria-required=\"true\" aria-invalid=\"false\" placeholder=\"E-mail address*\" value=\"\" type=\"email\" name=\"your-email\" \/><\/span>\n\t\t\t<\/p>\n\t\t<\/div>\n\t<\/div>\n\t<div class=\"row\">\n\t\t<div class=\"col-md-12\">\n\t\t\t<p><span class=\"wpcf7-form-control-wrap\" data-name=\"message\"><textarea cols=\"20\" rows=\"4\" maxlength=\"2000\" class=\"wpcf7-form-control wpcf7-textarea wpcf7-validates-as-required\" aria-required=\"true\" aria-invalid=\"false\" placeholder=\"Your message*\" name=\"message\"><\/textarea><\/span>\n\t\t\t<\/p>\n\t\t<\/div>\n\t<\/div>\n\t<div class=\"row\">\n\t\t<div class=\"text-center col-md-12\">\n\t\t\t<p><input class=\"wpcf7-form-control wpcf7-submit has-spinner tm-vc_general tm-vc_btn3 tm-vc_btn3-style-flat tm-vc_btn3-shape-round tm-vc_btn3-color-skincolor\" type=\"submit\" value=\"Send message\" \/>\n\t\t\t<\/p>\n\t\t<\/div>\n\t<\/div>\n<div class=\"wpcf7-response-output\" aria-hidden=\"true\"><\/div>\n<\/div>\n<input type=\"hidden\" name=\"trp-form-language\" value=\"eng\"\/><\/form>\n<\/div>\n<p style=\"text-align:center;\" class=\"tm-custom-heading vc_custom_1729369264921\" >Send us your questions and our team will get back to you as soon as possible<\/p>\n\t\t<\/div>\n\t<\/div>\n<\/div>\n\n\n<div class=\"wpb_column tm-column-inner vc_column_container vc_col-sm-6 vc_hidden-lg vc_hidden-md vc_hidden-sm vc_hidden-xs vc_col-has-fill tm-zindex-0\">\n\t<div class=\"vc_column-inner vc_custom_1757152102825 tm-col-bgimage-yes tm-responsive-custom-85836904\">\n\t\t<div class=\"tm-col-wrapper-bg-layer tm-bg-layer\"><div class=\"tm-bg-layer-inner\"><\/div><\/div> \n\t\t<div class=\"wpb_wrapper\">\n\t\t\t\t\t<\/div>\n\t<\/div>\n<\/div>\n\n<\/div>\n\n\n<div class=\"tm-row-inner vc_row wpb_row vc_inner vc_row-fluid tm-rounded-stylerow vc_custom_1731280672315 tm-responsive-custom-65185867 vc_row-has-fill vc_row-o-equal-height vc_row-flex tm-shadow-row tm-zindex-0\">\n\t\n<div class=\"wpb_column tm-column-inner vc_column_container vc_col-sm-6 tm-zindex-0\">\n\t<div class=\"vc_column-inner vc_custom_1731280656271 tm-responsive-custom-66226617\">\n\t\t \n\t\t<div class=\"wpb_wrapper\">\n\t\t\t\n\t<div class=\"wpb_raw_code wpb_raw_html wpb_content_element\" >\n\t\t<div class=\"wpb_wrapper\">\n\t\t\t\n<iframe src=\"https:\/\/api.leadconnectorhq.com\/widget\/booking\/eYUOXKmV8KTuVEdwGKqn\" style=\"width: 100%;border:none;overflow: hidden;\" scrolling=\"no\" id=\"HcrWMI31lbJ38NgqahYT_1763471591995\"><\/iframe><br><script src=\"https:\/\/link.msgsndr.com\/js\/form_embed.js\" type=\"text\/javascript\"><\/script>\n\t\t<\/div>\n\t<\/div>\n\t\t<\/div>\n\t<\/div>\n<\/div>\n\n\n<div class=\"wpb_column tm-column-inner vc_column_container vc_col-sm-6 vc_hidden-xs vc_col-has-fill tm-zindex-0\">\n\t<div class=\"vc_column-inner vc_custom_1731280595551 tm-col-bgimage-yes tm-responsive-custom-85836904\">\n\t\t<div class=\"tm-col-wrapper-bg-layer tm-bg-layer\"><div class=\"tm-bg-layer-inner\"><\/div><\/div> \n\t\t<div class=\"wpb_wrapper\">\n\t\t\t\t\t<\/div>\n\t<\/div>\n<\/div>\n\n<\/div>\n\n\t\t<\/div>\n\t<\/div>\n<\/div>\n\n\n\n\t\t\n\t <\/div> <\/div>\n\n\n<div class=\"vc_row-full-width vc_clearfix\"><\/div>\n<\/div>","protected":false},"excerpt":{"rendered":"Ce trebuie s\u0103 \u0219tii despre prima ta vizit\u0103 la clinica dentar\u0103 Swiss Ecodent Prima vizit\u0103 la dentist este esen\u021bial\u0103 pentru evaluarea complet\u0103 a s\u0103n\u0103t\u0103\u021bii orale \u0219i pentru stabilirea unui plan de tratament personalizat. Consulta\u021bie ini\u021bial\u0103: Programare de o or\u0103 pentru a te asigura c\u0103 prime\u0219ti aten\u021bia necesar\u0103. La recep\u021bie, vei completa un chestionar detaliat despre &hellip; <a href=\"https:\/\/swissecodent.ro\/eng\/prima-vizita\/\" class=\"more-link\">Continue reading <span class=\"screen-reader-text\">First visit<\/span><\/a>","protected":false},"author":1,"featured_media":0,"parent":0,"menu_order":0,"comment_status":"closed","ping_status":"closed","template":"","meta":{"footnotes":""},"class_list":["post-3509","page","type-page","status-publish","hentry"],"yoast_head":"<!-- This site is optimized with the Yoast SEO plugin v25.3 - https:\/\/yoast.com\/wordpress\/plugins\/seo\/ -->\n<title>Prima vizita - Swiss Ecodent<\/title>\n<meta name=\"description\" content=\"La Swiss Ecodent, \u00ee\u021bi oferim \u00eengrijire stomatologic\u0103 de \u00eencredere, pentru un z\u00e2mbet s\u0103n\u0103tos \u0219i o calitate superioar\u0103 a vie\u021bii. Te a\u0219tept\u0103m cu drag!\" \/>\n<meta name=\"robots\" content=\"index, follow, max-snippet:-1, max-image-preview:large, max-video-preview:-1\" \/>\n<link rel=\"canonical\" href=\"https:\/\/swissecodent.ro\/eng\/prima-vizita\/\" \/>\n<meta property=\"og:locale\" content=\"en_US\" \/>\n<meta property=\"og:type\" content=\"article\" \/>\n<meta property=\"og:title\" content=\"Prima vizita - Swiss Ecodent\" \/>\n<meta property=\"og:description\" content=\"La Swiss Ecodent, \u00ee\u021bi oferim \u00eengrijire stomatologic\u0103 de \u00eencredere, pentru un z\u00e2mbet s\u0103n\u0103tos \u0219i o calitate superioar\u0103 a vie\u021bii. Te a\u0219tept\u0103m cu drag!\" \/>\n<meta property=\"og:url\" content=\"https:\/\/swissecodent.ro\/eng\/prima-vizita\/\" \/>\n<meta property=\"og:site_name\" content=\"Swiss Ecodent\" \/>\n<meta property=\"article:publisher\" content=\"https:\/\/www.facebook.com\/SwissEcodent\" \/>\n<meta property=\"article:modified_time\" content=\"2025-11-19T10:07:36+00:00\" \/>\n<meta name=\"twitter:card\" content=\"summary_large_image\" \/>\n<meta name=\"twitter:label1\" content=\"Est. reading time\" \/>\n\t<meta name=\"twitter:data1\" content=\"2 minutes\" \/>\n<script type=\"application\/ld+json\" class=\"yoast-schema-graph\">{\"@context\":\"https:\/\/schema.org\",\"@graph\":[{\"@type\":\"WebPage\",\"@id\":\"https:\/\/swissecodent.ro\/prima-vizita\/\",\"url\":\"https:\/\/swissecodent.ro\/prima-vizita\/\",\"name\":\"Prima vizita - Swiss Ecodent\",\"isPartOf\":{\"@id\":\"https:\/\/swissecodent.ro\/#website\"},\"datePublished\":\"2021-07-21T10:07:46+00:00\",\"dateModified\":\"2025-11-19T10:07:36+00:00\",\"description\":\"La Swiss Ecodent, \u00ee\u021bi oferim \u00eengrijire stomatologic\u0103 de \u00eencredere, pentru un z\u00e2mbet s\u0103n\u0103tos \u0219i o calitate superioar\u0103 a vie\u021bii. Te a\u0219tept\u0103m cu drag!\",\"breadcrumb\":{\"@id\":\"https:\/\/swissecodent.ro\/prima-vizita\/#breadcrumb\"},\"inLanguage\":\"en-US\",\"potentialAction\":[{\"@type\":\"ReadAction\",\"target\":[\"https:\/\/swissecodent.ro\/prima-vizita\/\"]}]},{\"@type\":\"BreadcrumbList\",\"@id\":\"https:\/\/swissecodent.ro\/prima-vizita\/#breadcrumb\",\"itemListElement\":[{\"@type\":\"ListItem\",\"position\":1,\"name\":\"Prima pagin\u0103\",\"item\":\"https:\/\/swissecodent.ro\/\"},{\"@type\":\"ListItem\",\"position\":2,\"name\":\"Prima vizita\"}]},{\"@type\":\"WebSite\",\"@id\":\"https:\/\/swissecodent.ro\/#website\",\"url\":\"https:\/\/swissecodent.ro\/\",\"name\":\"Swiss Ecodent\",\"description\":\"Servicii complete de medicin\u0103 dentar\u0103, la standarde elve\u021biene.\",\"publisher\":{\"@id\":\"https:\/\/swissecodent.ro\/#organization\"},\"potentialAction\":[{\"@type\":\"SearchAction\",\"target\":{\"@type\":\"EntryPoint\",\"urlTemplate\":\"https:\/\/swissecodent.ro\/?s={search_term_string}\"},\"query-input\":{\"@type\":\"PropertyValueSpecification\",\"valueRequired\":true,\"valueName\":\"search_term_string\"}}],\"inLanguage\":\"en-US\"},{\"@type\":\"Organization\",\"@id\":\"https:\/\/swissecodent.ro\/#organization\",\"name\":\"Swiss Ecodent\",\"url\":\"https:\/\/swissecodent.ro\/\",\"logo\":{\"@type\":\"ImageObject\",\"inLanguage\":\"en-US\",\"@id\":\"https:\/\/swissecodent.ro\/#\/schema\/logo\/image\/\",\"url\":\"https:\/\/swissecodent.ro\/wp-content\/uploads\/2024\/10\/logo-swiss-ecodent.png\",\"contentUrl\":\"https:\/\/swissecodent.ro\/wp-content\/uploads\/2024\/10\/logo-swiss-ecodent.png\",\"width\":912,\"height\":242,\"caption\":\"Swiss Ecodent\"},\"image\":{\"@id\":\"https:\/\/swissecodent.ro\/#\/schema\/logo\/image\/\"},\"sameAs\":[\"https:\/\/www.facebook.com\/SwissEcodent\"]}]}<\/script>\n<!-- \/ Yoast SEO plugin. -->","yoast_head_json":{"title":"Prima vizita - Swiss Ecodent","description":"La Swiss Ecodent, \u00ee\u021bi oferim \u00eengrijire stomatologic\u0103 de \u00eencredere, pentru un z\u00e2mbet s\u0103n\u0103tos \u0219i o calitate superioar\u0103 a vie\u021bii. Te a\u0219tept\u0103m cu drag!","robots":{"index":"index","follow":"follow","max-snippet":"max-snippet:-1","max-image-preview":"max-image-preview:large","max-video-preview":"max-video-preview:-1"},"canonical":"https:\/\/swissecodent.ro\/eng\/prima-vizita\/","og_locale":"en_US","og_type":"article","og_title":"Prima vizita - Swiss Ecodent","og_description":"La Swiss Ecodent, \u00ee\u021bi oferim \u00eengrijire stomatologic\u0103 de \u00eencredere, pentru un z\u00e2mbet s\u0103n\u0103tos \u0219i o calitate superioar\u0103 a vie\u021bii. Te a\u0219tept\u0103m cu drag!","og_url":"https:\/\/swissecodent.ro\/eng\/prima-vizita\/","og_site_name":"Swiss Ecodent","article_publisher":"https:\/\/www.facebook.com\/SwissEcodent","article_modified_time":"2025-11-19T10:07:36+00:00","twitter_card":"summary_large_image","twitter_misc":{"Est. reading time":"2 minutes"},"schema":{"@context":"https:\/\/schema.org","@graph":[{"@type":"WebPage","@id":"https:\/\/swissecodent.ro\/prima-vizita\/","url":"https:\/\/swissecodent.ro\/prima-vizita\/","name":"Prima vizita - Swiss Ecodent","isPartOf":{"@id":"https:\/\/swissecodent.ro\/#website"},"datePublished":"2021-07-21T10:07:46+00:00","dateModified":"2025-11-19T10:07:36+00:00","description":"La Swiss Ecodent, \u00ee\u021bi oferim \u00eengrijire stomatologic\u0103 de \u00eencredere, pentru un z\u00e2mbet s\u0103n\u0103tos \u0219i o calitate superioar\u0103 a vie\u021bii. Te a\u0219tept\u0103m cu drag!","breadcrumb":{"@id":"https:\/\/swissecodent.ro\/prima-vizita\/#breadcrumb"},"inLanguage":"en-US","potentialAction":[{"@type":"ReadAction","target":["https:\/\/swissecodent.ro\/prima-vizita\/"]}]},{"@type":"BreadcrumbList","@id":"https:\/\/swissecodent.ro\/prima-vizita\/#breadcrumb","itemListElement":[{"@type":"ListItem","position":1,"name":"Prima pagin\u0103","item":"https:\/\/swissecodent.ro\/"},{"@type":"ListItem","position":2,"name":"Prima vizita"}]},{"@type":"WebSite","@id":"https:\/\/swissecodent.ro\/#website","url":"https:\/\/swissecodent.ro\/","name":"Swiss Ecodent","description":"Comprehensive dental services to Swiss standards.","publisher":{"@id":"https:\/\/swissecodent.ro\/#organization"},"potentialAction":[{"@type":"SearchAction","target":{"@type":"EntryPoint","urlTemplate":"https:\/\/swissecodent.ro\/?s={search_term_string}"},"query-input":{"@type":"PropertyValueSpecification","valueRequired":true,"valueName":"search_term_string"}}],"inLanguage":"en-US"},{"@type":"Organization","@id":"https:\/\/swissecodent.ro\/#organization","name":"Swiss Ecodent","url":"https:\/\/swissecodent.ro\/","logo":{"@type":"ImageObject","inLanguage":"en-US","@id":"https:\/\/swissecodent.ro\/#\/schema\/logo\/image\/","url":"https:\/\/swissecodent.ro\/wp-content\/uploads\/2024\/10\/logo-swiss-ecodent.png","contentUrl":"https:\/\/swissecodent.ro\/wp-content\/uploads\/2024\/10\/logo-swiss-ecodent.png","width":912,"height":242,"caption":"Swiss Ecodent"},"image":{"@id":"https:\/\/swissecodent.ro\/#\/schema\/logo\/image\/"},"sameAs":["https:\/\/www.facebook.com\/SwissEcodent"]}]}},"_links":{"self":[{"href":"https:\/\/swissecodent.ro\/eng\/wp-json\/wp\/v2\/pages\/3509","targetHints":{"allow":["GET"]}}],"collection":[{"href":"https:\/\/swissecodent.ro\/eng\/wp-json\/wp\/v2\/pages"}],"about":[{"href":"https:\/\/swissecodent.ro\/eng\/wp-json\/wp\/v2\/types\/page"}],"author":[{"embeddable":true,"href":"https:\/\/swissecodent.ro\/eng\/wp-json\/wp\/v2\/users\/1"}],"replies":[{"embeddable":true,"href":"https:\/\/swissecodent.ro\/eng\/wp-json\/wp\/v2\/comments?post=3509"}],"version-history":[{"count":52,"href":"https:\/\/swissecodent.ro\/eng\/wp-json\/wp\/v2\/pages\/3509\/revisions"}],"predecessor-version":[{"id":4959,"href":"https:\/\/swissecodent.ro\/eng\/wp-json\/wp\/v2\/pages\/3509\/revisions\/4959"}],"wp:attachment":[{"href":"https:\/\/swissecodent.ro\/eng\/wp-json\/wp\/v2\/media?parent=3509"}],"curies":[{"name":"wp","href":"https:\/\/api.w.org\/{rel}","templated":true}]}}